210861.
9
Calculate the highest common divisor of 83 and 63709.
1
What is the greatest common divisor of 14101536 and 21408?
96
Calculate the highest common factor of 35 and 408387119.
7
Calculate the highest common factor of 200 and 246712.
8
What is the highest common divisor of 1028 and 705724?
4
What is the greatest common factor of 325348 and 306386?
998
What is the greatest common divisor of 110 and 5076330?
10
What is the highest common divisor of 15840 and 580320?
1440
Calculate the greatest common divisor of 13248 and 145107.
207
What is the highest common factor of 203854299 and 66?
33
What is the highest common divisor of 446550 and 570?
30
Calculate the highest common factor of 174801 and 1287.
33
Calculate the highest common factor of 104817 and 1263.
3
Calculate the greatest common factor of 9732142 and 14.
14
Calculate the highest common factor of 36236093 and 48681.
601
What is the greatest common factor of 88173 and 3751443?
909
What is the highest common factor of 7459582 and 678?
226
What is the highest common divisor of 21210805 and 16058?
259
Calculate the highest common divisor of 53623149 and 37107.
1767
Calculate the highest common factor of 22951872 and 4896.
288
What is the greatest common factor of 2715 and 5157595?
905
Calculate the greatest common divisor of 2544 and 638067.
159
Calculate the highest common divisor of 125291 and 31951.
359
Calculate the greatest common divisor of 207 and 12800926.
23
Calculate the greatest common divisor of 1540436 and 252.
4
Calculate the greatest common factor of 416 and 6061471.
13
Calculate the highest common factor of 625144608 and 120.
24
Calculate the highest common divisor of 1785 and 634369960.
595
What is the highest common factor of 6749358 and 924?
462
Calculate the greatest common factor of 3157 and 74264817.
451
What is the greatest common divisor of 369 and 1352223?
9
What is the greatest common factor of 1877421 and 69?
69
What is the greatest common divisor of 5365 and 8217145?
185
What is the highest common divisor of 192261 and 519099?
57
Calculate the greatest common factor of 18 and 987270732.
18
What is the greatest common factor of 471402 and 108?
18
What is the greatest common factor of 1644 and 18096604?
548
What is the greatest common factor of 33614073 and 17127?
1557
What is the highest common factor of 66 and 1309278?
6
Calculate the highest common divisor of 55693910 and 30.
10
What is the greatest common factor of 243 and 355797?
9
What is the greatest common divisor of 850222 and 3269779?
3973
Calculate the highest common divisor of 525669080 and 160.
40
Calculate the highest common divisor of 326628870 and 120.
30
What is the greatest common factor of 81818844 and 95804?
2228
What is the greatest common divisor of 50592640 and 16240?
560
What is the highest common factor of 58783290 and 87?
87
What is the greatest common factor of 29680 and 161712?
16
What is the greatest common factor of 328625 and 168300?
275
What is the greatest common factor of 190 and 116461355?
95
What is the highest common divisor of 704 and 22323928?
88
Calculate the highest common divisor of 40789 and 42875066.
5827
What is the greatest common factor of 462 and 543983?
11
What is the greatest common divisor of 691951 and 2159?
17
Calculate the highest common divisor of 29369 and 3175267.
683
Calculate the highest common divisor of 520341 and 49755.
321
What is the greatest common factor of 3024 and 1162512?
432
Calculate the greatest common divisor of 20999 and 392403.
253
What is the highest common divisor of 21983836 and 3010?
602
Calculate the highest common divisor of 238898764 and 52.
52
What is the greatest common factor of 2358523 and 42938?
3067
Calculate the greatest common divisor of 5505 and 13965.
15
What is the highest common divisor of 5612 and 49911176?
244
What is the greatest common divisor of 83120275 and 2996?
749
What is the highest common factor of 901 and 2633232?
17
What is the highest common divisor of 18 and 28761?
3
Calculate the greatest common factor of 1570716 and 53613.
1449
What is the highest common factor of 28080012 and 204?
12
What is the highest common divisor of 2811847 and 5767?
79
What is the highest common divisor of 287336 and 12936?
392
What is the highest common factor of 105649672 and 1380?
92
Calculate the greatest common factor of 26 and 23325250.
26
What is the highest common divisor of 35 and 6788369?
7
What is the greatest common divisor of 154 and 10282063?
11
What is the greatest common factor of 580 and 2757784?
116
Calculate the highest common factor of 15795 and 402415.
65
Calculate the greatest common factor of 40612124 and 43.
43
What is the highest common divisor of 3515400 and 6076?
868
Calculate the highest common factor of 2061500 and 3472.
868
Calculate the greatest common factor of 1765280082 and 57.
57
What is the highest common factor of 1525 and 495869?
61
What is the greatest common divisor of 27080453 and 133?
19
Calculate the highest common divisor of 2586 and 246317793.
1293
What is the highest common divisor of 21 and 66405?
3
What is the greatest common divisor of 7640 and 2002356140?
3820
Calculate the highest common divisor of 210280 and 15146168.
6008
What is the greatest common factor of 56 and 1503896?
8
Calculate the greatest common factor of 130553 and 607.
1
Calculate the highest common divisor of 6374925 and 15.
15
What is the greatest common divisor of 299248 and 672?
16
Calculate the greatest common factor of 611793 and 677079.
1053
Calculate the greatest common factor of 834288 and 137774.
182
What is the greatest common factor of 56109 and 1128837?
951
What is the greatest common divisor of 135806650 and 185?
185
Calculate the greatest common factor of 15650521 and 1897.
271
Calculate the highest common divisor of 64845945 and 6980.
1745
What is the highest common divisor of 47582 and 2148906?
1286
What is the greatest common divisor of 98 and 34748602?
14
Calculate the greatest common factor of 11 and 63994975.
11
Calculate the greatest common divisor of 264628 and 26572.
364
What is the greatest common divisor of 76 and 7260488?
4
Calculate the greatest common divisor of 95 and 241875.
5
What is the greatest common divisor of 110 and 9109705?
55
Calculate the greatest common divisor of 51604 and 11452.
28
Calculate the highest common divisor of 50764 and 83349.
343
Calculate the highest common divisor of 28627533 and 432564.
3729
Calculate the greatest common factor of 8850450 and 357.
21
Calculate the greatest common factor of 202401 and 408715.
43
What is the greatest common factor of 775 and 137975?
25
Calculate the highest common factor of 9871792 and 38.
38
Calculate the highest common divisor of 125570 and 69310.
290
Calculate the highest common factor of 18 and 19100583.
9
Calculate the greatest common factor of 196741382 and 1822.
1822
What is the highest common divisor of 111428 and 10769?
89
What is the highest common factor of 12805 and 7373119?
2561
Calculate the greatest common divisor of 1354052734 and 1058.
1058
What is the greatest common factor of 596565441 and 3951?
3951
Calculate the highest common divisor of 805 and 2645713.
161
Calculate the greatest common factor of 3288 and 13411204.
548
Calculate the greatest common factor of 16588 and 91169.
13
What is the highest common divisor of 173792283 and 172?
43
What is the highest common divisor of 17784 and 154875916?
988
What is the greatest common factor of 232 and 1834936?
8
Calculate the highest common factor of 1093191 and 759.
33
What is the greatest common factor of 2385846 and 3294?
18
Calculate the greatest common factor of 45154145 and 159.
53
What is the greatest common divisor of 8999704 and 28?
28
What is the highest common factor of 1654627013 and 13?
13
Calculate the highest common divisor of 10003701 and 1.
1
What is the highest common factor of 28500 and 1245564?
228
What is the highest common divisor of 4 and 12212468?
4
Calculate the highest common factor of 14880 and 5498.
2
What is the highest common divisor of 72810 and 289251?
9
Calculate the greatest common divisor of 11772 and 2422089.
2943
What is the highest common factor of 4324 and 1921962869?
1081
What is the highest common factor of 107